{"id":2,"date":"2015-07-23T11:50:26","date_gmt":"2015-07-23T11:50:26","guid":{"rendered":"http:\/\/http:\/\/wtzkalkow-godow.pl\/?page_id=2"},"modified":"2024-02-14T08:40:28","modified_gmt":"2024-02-14T08:40:28","slug":"sample-page","status":"publish","type":"page","link":"https:\/\/wtzkalkow-godow.pl\/?page_id=2","title":{"rendered":"O NAS"},"content":{"rendered":"<div id=\"widget-c74647ff-8903-56ad-507f-76e9e4206a8b\" class=\"widget widget-text\">\n<div class=\"widget-content\">\n<p style=\"text-align: justify;\">\u00a0\u00a0\u00a0\u00a0 Warsztat Terapii Zaj\u0119ciowej przy Parafii Rzymsko-Katolickiej w Ka\u0142kowie-Godowie powsta\u0142 15 lutego 2000r. Korzysta z niego 50 os\u00f3b z r\u00f3\u017cnym stopniem niepe\u0142nosprawno\u015bci fizycznej i intelektualnej. Zosta\u0142 utworzony w oparciu o Rozporz\u0105dzenie Ministra Pracy i Polityki Socjalnej\u00a0 z dnia 26 sierpnia 1998 r. i na podstawie art.10 ust. 6 ustawy \u00a0z dnia 27 sierpnia 1997 r. o rehabilitacji zawodowej i spo\u0142ecznej oraz zatrudnieniu os\u00f3b niepe\u0142nosprawnych.<\/p>\n<p style=\"text-align: justify;\">Warsztat jest plac\u00f3wk\u0105 pobytu dziennego i realizuje zadania z zakresu rehabilitacji spo\u0142ecznej i zawodowej. Przygotowuje do opanowania umiej\u0119tno\u015bci niezb\u0119dnych do podj\u0119cia zatrudnienia w warunkach pracy chronionej lub na przystosowanym stanowisku pracy, jak r\u00f3wnie\u017c do prowadzenia \u017cycia niezale\u017cnego, samodzielnego i aktywnego na miar\u0119 swoich mo\u017cliwo\u015bci. Zaj\u0119cia terapeutyczne prowadzone s\u0105 przez 5 dni w tygodniu, po 7 godzin dziennie zgodnie z indywidualnym programem rehabilitacji\u00a0 i terapii. Realizacja programu odbywa si\u0119 poprzez og\u00f3lne usprawnianie, rozwijanie umiej\u0119tno\u015bci wykonywania czynno\u015bci \u017cycia codziennego i zaradno\u015bci osobistej, przygotowanie do \u017cycia w \u015brodowisku spo\u0142ecznym, rozwijanie umiej\u0119tno\u015bci przy zastosowaniu r\u00f3\u017cnych \u00a0technik terapii zaj\u0119ciowej, pobudzanie psychofizycznych sprawno\u015bci niezb\u0119dnych w pracy, a tak\u017ce podstawowych, specjalistycznych umiej\u0119tno\u015bci zawodowych. Codzienny \u00a0dojazd na zaj\u0119cia w miar\u0119 mo\u017cliwo\u015bci zapewnia warsztat. Uczestnicy maj\u0105 do dyspozycji 10 pracowni terapeutycznych oraz rehabilitacj\u0119 lecznicz\u0105 i wsparcie psychologiczne. Pomoc psychologiczna w warsztacie realizowana jest zar\u00f3wno w formie spotka\u0144 indywidualnych\u00a0 jak i grupowych o charakterze zaj\u0119\u0107 warsztatowo- treningowo- psycho -edukacyjnych. Nasi podopieczni obj\u0119ci \u00a0s\u0105 r\u00f3wnie\u017c opiek\u0105 duchow\u0105 bior\u0105c udzia\u0142 w ka\u017cdy pi\u0105tek we Mszy \u015awi\u0119tej oraz rekolekcjach Bo\u017conarodzeniowych i Wielkanocnych.<\/p>\n<\/div>\n<\/div>\n","protected":false},"excerpt":{"rendered":"<p>\u00a0\u00a0\u00a0\u00a0 Warsztat Terapii Zaj\u0119ciowej przy Parafii Rzymsko-Katolickiej w Ka\u0142kowie-Godowie powsta\u0142 15 lutego 2000r. Korzysta z niego 50 os\u00f3b z r\u00f3\u017cnym stopniem niepe\u0142nosprawno\u015bci fizycznej i intelektualnej.<\/p>\n","protected":false},"author":1,"featured_media":0,"parent":0,"menu_order":0,"comment_status":"open","ping_status":"open","template":"","meta":[],"_links":{"self":[{"href":"https:\/\/wtzkalkow-godow.pl\/index.php?rest_route=\/wp\/v2\/pages\/2"}],"collection":[{"href":"https:\/\/wtzkalkow-godow.pl\/index.php?rest_route=\/wp\/v2\/pages"}],"about":[{"href":"https:\/\/wtzkalkow-godow.pl\/index.php?rest_route=\/wp\/v2\/types\/page"}],"author":[{"embeddable":true,"href":"https:\/\/wtzkalkow-godow.pl\/index.php?rest_route=\/wp\/v2\/users\/1"}],"replies":[{"embeddable":true,"href":"https:\/\/wtzkalkow-godow.pl\/index.php?rest_route=%2Fwp%2Fv2%2Fcomments&post=2"}],"version-history":[{"count":8,"href":"https:\/\/wtzkalkow-godow.pl\/index.php?rest_route=\/wp\/v2\/pages\/2\/revisions"}],"predecessor-version":[{"id":2689,"href":"https:\/\/wtzkalkow-godow.pl\/index.php?rest_route=\/wp\/v2\/pages\/2\/revisions\/2689"}],"wp:attachment":[{"href":"https:\/\/wtzkalkow-godow.pl\/index.php?rest_route=%2Fwp%2Fv2%2Fmedia&parent=2"}],"curies":[{"name":"wp","href":"https:\/\/api.w.org\/{rel}","templated":true}]}}

<div id="widget-c74647ff-8903-56ad-507f-76e9e4206a8b" class="widget widget-text">
<div class="widget-content">
<p style="text-align: justify;">     Warsztat Terapii Zajęciowej przy Parafii Rzymsko-Katolickiej w Kałkowie-Godowie powstał 15 lutego 2000r. Korzysta z niego 50 osób z różnym stopniem niepełnosprawności fizycznej i intelektualnej. Został utworzony w oparciu o Rozporządzenie Ministra Pracy i Polityki Socjalnej  z dnia 26 sierpnia 1998 r. i na podstawie art.10 ust. 6 ustawy  z dnia 27 sierpnia 1997 r. o rehabilitacji zawodowej i społecznej oraz zatrudnieniu osób niepełnosprawnych.</p>
<p style="text-align: justify;">Warsztat jest placówką pobytu dziennego i realizuje zadania z zakresu rehabilitacji społecznej i zawodowej. Przygotowuje do opanowania umiejętności niezbędnych do podjęcia zatrudnienia w warunkach pracy chronionej lub na przystosowanym stanowisku pracy, jak również do prowadzenia życia niezależnego, samodzielnego i aktywnego na miarę swoich możliwości. Zajęcia terapeutyczne prowadzone są przez 5 dni w tygodniu, po 7 godzin dziennie zgodnie z indywidualnym programem rehabilitacji  i terapii. Realizacja programu odbywa się poprzez ogólne usprawnianie, rozwijanie umiejętności wykonywania czynności życia codziennego i zaradności osobistej, przygotowanie do życia w środowisku społecznym, rozwijanie umiejętności przy zastosowaniu różnych  technik terapii zajęciowej, pobudzanie psychofizycznych sprawności niezbędnych w pracy, a także podstawowych, specjalistycznych umiejętności zawodowych. Codzienny  dojazd na zajęcia w miarę możliwości zapewnia warsztat. Uczestnicy mają do dyspozycji 10 pracowni terapeutycznych oraz rehabilitację leczniczą i wsparcie psychologiczne. Pomoc psychologiczna w warsztacie realizowana jest zarówno w formie spotkań indywidualnych  jak i grupowych o charakterze zajęć warsztatowo- treningowo- psycho -edukacyjnych. Nasi podopieczni objęci  są również opieką duchową biorąc udział w każdy piątek we Mszy Świętej oraz rekolekcjach Bożonarodzeniowych i Wielkanocnych.</p>
</div>
</div>

<p>     Warsztat Terapii Zajęciowej przy Parafii Rzymsko-Katolickiej w Kałkowie-Godowie powstał 15 lutego 2000r. Korzysta z niego 50 osób z różnym stopniem niepełnosprawności fizycznej i intelektualnej.</p>
